, 67
What are the prime factors of 31117?
29, 37
List the prime factors of 5175.
3, 5, 23
List the prime factors of 16494.
2, 3, 2749
What are the prime factors of 4471?
17, 263
List the prime factors of 28266.
2, 3, 7, 673
What are the prime factors of 1057?
7, 151
What are the prime factors of 7871?
17, 463
What are the prime factors of 14358?
2, 3, 2393
List the prime factors of 563.
563
List the prime factors of 2981.
11, 271
What are the prime factors of 755?
5, 151
List the prime factors of 2261.
7, 17, 19
List the prime factors of 101712.
2, 3, 13, 163
List the prime factors of 5462.
2, 2731
List the prime factors of 4535.
5, 907
List the prime factors of 22856.
2, 2857
What are the prime factors of 4386?
2, 3, 17, 43
What are the prime factors of 2620?
2, 5, 131
List the prime factors of 6302.
2, 23, 137
List the prime factors of 41.
41
What are the prime factors of 33089?
7, 29, 163
What are the prime factors of 1775?
5, 71
List the prime factors of 11877.
3, 37, 107
List the prime factors of 3701.
3701
What are the prime factors of 49734?
2, 3, 307
List the prime factors of 127570.
2, 5, 12757
What are the prime factors of 8615?
5, 1723
List the prime factors of 13715.
5, 13, 211
What are the prime factors of 3948?
2, 3, 7, 47
What are the prime factors of 3542?
2, 7, 11, 23
What are the prime factors of 15237?
3, 1693
List the prime factors of 27411.
3, 9137
List the prime factors of 3749.
23, 163
What are the prime factors of 3885?
3, 5, 7, 37
List the prime factors of 15.
3, 5
List the prime factors of 1211.
7, 173
List the prime factors of 26483.
71, 373
What are the prime factors of 6113?
6113
List the prime factors of 1375.
5, 11
What are the prime factors of 2395?
5, 479
List the prime factors of 939.
3, 313
What are the prime factors of 15144?
2, 3, 631
What are the prime factors of 3178?
2, 7, 227
List the prime factors of 688.
2, 43
What are the prime factors of 35344?
2, 47
What are the prime factors of 2219?
7, 317
List the prime factors of 637.
7, 13
What are the prime factors of 1816?
2, 227
What are the prime factors of 57450?
2, 3, 5, 383
What are the prime factors of 12598?
2, 6299
List the prime factors of 264.
2, 3, 11
List the prime factors of 248.
2, 31
What are the prime factors of 28762?
2, 73, 197
What are the prime factors of 13112?
2, 11, 149
List the prime factors of 925.
5, 37
What are the prime factors of 91371?
3, 7, 19, 229
List the prime factors of 7655.
5, 1531
List the prime factors of 141993.
3, 1753
What are the prime factors of 94333?
17, 31, 179
What are the prime factors of 1686?
2, 3, 281
What are the prime factors of 3536?
2, 13, 17
What are the prime factors of 1050?
2, 3, 5, 7
What are the prime factors of 2819?
2819
List the prime factors of 1086.
2, 3, 181
List the prime factors of 4369.
17, 257
List the prime factors of 118508.
2, 13, 43, 53
What are the prime factors of 10570?
2, 5, 7, 151
List the prime factors of 433.
433
List the prime factors of 39780.
2, 3, 5, 13, 17
What are the prime factors of 2568?
2, 3, 107
What are the prime factors of 15347?
103, 149
List the prime factors of 2620.
2, 5, 131
What are the prime factors of 4409?
4409
List the prime factors of 12120.
2, 3, 5, 101
What are the prime factors of 13992?
2, 3, 11, 53
What are the prime factors of 350?
2, 5, 7
List the prime factors of 64505.
5, 7, 19, 97
What are the prime factors of 1783?
1783
List the prime factors of 14989.
13, 1153
List the prime factors of 3430.
2, 5, 7
List the prime factors of 15709.
23, 683
What are the prime factors of 895?
5, 179
List the prime factors of 3052.
2, 7, 109
List the prime factors of 27810.
2, 3, 5, 103
List the prime factors of 17099.
17099
What are the prime factors of 1388?
2, 347
List the prime factors of 2.
2
What are the prime factors of 11424?
2, 3, 7, 17
What are the prime factors of 1137?
3, 379
What are the prime factors of 18358?
2, 67, 137
List the prime factors of 895.
5, 179
What are the prime factors of 1249?
1249
What are the prime factors of 521?
521
List the prime factors of 1298.
2, 11, 59
List the prime factors of 27373.
31, 883
What are the prime factors of 355?
5, 71
List the prime factors of 152843.
152843
List the prime factors of 33607.
7, 4801
List the prime factors of 75580.
2, 5, 3779
What are the prime factors of 16093?
7, 11, 19
List the prime factors of 1855.
5, 7, 53
What are the prime factors of 2213?
2213
What are the prime factors of 6659?
6659
List the prime factors of 2452.
2, 613
List the prime factors of 1028.
2, 257
List the prime factors of 2232.
2, 3, 31
What are the prime factors of 14152?
2, 29, 61
List the prime factors of 14773.
11, 17, 79
What are the prime factors of 13771?
47, 293
List the prime factors of 1912.
2, 239
List the prime factors of 6887.
71, 97
List the prime factors of 10517.
13, 809
What are the prime factors of 50992?
2, 3187
What are the prime factors of 53839?
17, 3167
List the prime factors of 77423.
139, 557
What are the prime factors of 10406?
2, 11, 43
What are the prime factors of 15962?
2, 23, 347
What are the prime factors of 7311?
3, 2437
List the prime factors of 259.
7, 37
What are the prime factors of 40759?
40759
List the prime factors of 1682.
2, 29
What are the prime factors of 12694?
2, 11, 577
What are the prime factors of 23591?
31, 761
List the prime factors of 80817.
3, 11, 31, 79
What are the prime factors of 51766?
2, 11, 13, 181
What are the prime factors of 398?
2, 199
What are the prime factors of 112999?
17, 23
What are the prime factors of 65173?
65173
What are the prime factors of 586?
2, 293
List the prime factors of 2975.
5, 7, 17
What are the prime factors of 1565?
5, 313
What are the prime factors of 26335?
5, 23, 229
What are the prime factors of 1387?
19, 73
What are the prime factors of 2916?
2, 3
What are the prime factors of 7062?
2, 3, 11, 107
What are the prime factors of 744?
2, 3, 31
List the prime factors of 2601.
3, 17
List the prime factors of 5777.
53, 109
What are the prime factors of 42733?
151, 283
List the prime factors of 2962.
2, 1481
What are the prime factors of 2914?
2, 31, 47
List the prime factors of 2689.
2689
What are the prime factors of 1818?
2, 3, 101
What are the prime factors of 7177?
7177
List the prime factors of 5926.
2, 2963
List the prime factors of 38725.
5, 1549
List the prime factors of 62758.
2, 31379
List the prime factors of 5086.
2, 2543
List the prime factors of 964.
2, 241
List the prime factors of 387.
3, 43
List the prime factors of 1311.
3, 19, 23
List the prime factors of 93300.
2, 3, 5, 311
List the prime factors of 9268.
2, 7, 331
List the prime factors of 215.
5, 43
What are the prime factors of 19600?
2, 5, 7
List the prime factors of 1617.
3, 7, 11
What are the prime factors of 29389?
29389
List the prime factors of 48378.
2, 3, 11, 733
What are the prime factors of 1663?
1663
What are the prime factors of 108814?
2, 41, 1327
What are the prime factors of 31846?
2, 15923
What are the prime factors of 27401?
11, 47, 53
List the prime factors of 64160.
2, 5, 401
What are the prime factors of 61435?
5, 11, 1117
What are the prime factors of 71368?
2, 11, 811
List the prime factors of 7340.
2, 5, 367
List the prime factors of 189989.
189989
List the prime factors of 73700.
2, 5, 11, 67
What are the prime factors of 1600?
2, 5
List the prime factors of 1241.
17, 73
What are the prime factors of 59630?
2, 5, 67, 89
What are the prime factors of 20466?
2, 3, 379
What are the prime factors of 3381?
3, 7, 23
List the prime factors of 21807.
3, 2423
List the prime factors of 7859.
29, 271
What are the prime factors of 17910?
2, 3, 5, 199
List the prime factors of 1224.
2, 3, 17
What are the prime factors of 11516?
2, 2879
List the prime factors of 5131.
7, 733
List the prime factors of 20025.
3, 5, 89
What are the prime factors of 1321?
1321
List the prime factors of 379.
379
What are the prime factors of 935?
5, 11, 17
List the prime factors of 154.
2, 7, 11
List the prime factors of 7886.
2, 3943
What are the prime factors of 3607?
3607
What are the prime factors of 2694?
2, 3, 449
List the prime factors of 1485.
3, 5, 11
What are the prime factors of 20857?
20857
List the prime factors of 1067.
11, 97
What are the prime factors of